*w, -3*w - 2*w = -3*k - s. Suppose -w*p + 7 = -3*g, -g = -4*g + p + 13. What is the units digit of g?
6
What is the tens digit of (-8)/(-2)*(-35)/(-2) + -3?
6
What is the tens digit of 0 - -89 - (9 + -10)?
9
Let z be 9/(0 + 4/12). Let k = z - 7. What is the units digit of k?
0
Let q(o) = o**3 + 6*o**2 - 4*o - 6. Let i be q(-6). Suppose 60 - i = 3*k. Suppose 3*h = 0, 0 = 4*r + 5*h - 18 - k. What is the units digit of r?
8
Suppose 8 = 3*h - 1. Let w(d) = -3*d + 5. Let l be w(-6). Suppose h*s = 5*u + 35, -2*u - l = -s - 6*u. What is the tens digit of s?
1
Let u = 12 - -85. What is the units digit of u?
7
Let q(n) = -n**2 - 5*n + 7. What is the units digit of q(-4)?
1
Let v(r) be the first derivative of 5*r**2/2 - 5*r - 9. What is the units digit of v(7)?
0
Let x = 37 + -9. Suppose 4*v - x = 2*d - d, v = 2*d + 14. What is the units digit of v?
6
Let m = -26 + 43. Suppose a - 5*b = 3 + 7, a + 2*b - m = 0. What is the tens digit of a?
1
Let w be (-2)/6 - (-186)/18. Suppose -2*h + 7*h = w. What is the units digit of h?
2
Suppose o - x - 150 = 0, 162 = -0*o + o + 3*x. What is the units digit of o?
3
Let x(d) = 3*d**2 + 5*d + 4. Let r be x(-3). Suppose 2*u - r = -4. What is the units digit of u?
6
Let d = 8 - 6. Suppose d*s - 7 - 1 = 0. What is the units digit of 1*-1 - (-8)/s?
1
Let m(y) = 2*y - 1. Let b be m(-6). Let q be b*((-6)/(-3) + -3). What is the units digit of q - (-1)/1*1?
4
What is the units digit of (-4)/(-8) - (-130)/4?
3
Suppose 5*x + 2*s = -199, 0 = x - s - 0*s + 44. Let l = -21 - x. What is the tens digit of l?
2
Let x(p) = p**2 + p - 2. Let z be x(2). Suppose -z*u - u + 115 = 0. Let c = u - 9. What is the tens digit of c?
1
Let b(y) = -y**3 + 3*y**2 + 4*y + 2. Let q be b(4). Suppose l - q = 3*g, 5*g + 6 = -0*l + 3*l. What is the units digit of l?
2
Let j(z) = -2*z - 1. Let i be j(-2). Suppose 2*l = -4 - 0, 5*b - 66 = i*l. What is the units digit of b?
2
Let b(z) be the second derivative of -1/6*z**3 + 0 + 13/2*z**2 - z. What is the tens digit of b(0)?
1
Let o = 156 - -52. What is the tens digit of o?
0
Let d be 0*(3 + (-7)/2). Let v = d + 5. Suppose -v*f = -15 - 10. What is the units digit of f?
5
Let u(y) = 2*y**2 + 3*y + 7. What is the tens digit of u(-5)?
4
Suppose 2*w - 3*w = 2*s - 152, -w + s + 143 = 0. What is the units digit of w?
6
Let l be 212/26 - (-22)/(-143). Let j(n) be the third derivative of n**5/60 - n**4/4 - n**3/2 - 2*n**2. What is the units digit of j(l)?
3
Let h = -256 + 532. What is the tens digit of h?
7
Let w(u) be the third derivative of -u**6/120 + u**5/10 - 5*u**4/24 + u**3/3 - 5*u**2. What is the units digit of w(3)?
4
Suppose 0*l - 4*l + 336 = 0. What is the tens digit of l?
8
Suppose 3*k = -b + 5 - 0, 15 = 3*b + 3*k. Let z(f) = 2*f - 2. What is the units digit of z(b)?
8
Suppose -3*f + 88 = -f. What is the tens digit of f?
4
Suppose 1 = c - 0*c, -5*f + 4*c + 291 = 0. What is the units digit of f?
9
What is the units digit of (0 - 0) + 2 + 26?
8
Suppose -4*b + 18 = l, -2*b + 4 = 4*l - 40. What is the tens digit of l?
1
Suppose -1820 = -9*r - r. What is the units digit of r?
2
Suppose l + 3*z = -0*l + 17, -3*z = -2*l - 2. Let g be (2 - 28/(-5))*l. Let q = -21 + g. What is the tens digit of q?
1
Let x = -5 - -19. Suppose -2*t = -3*t + x. What is the tens digit of t?
1
Suppose 4*a + 35 = k - 36, 4*k = 5*a + 328. What is the units digit of k?
7
Suppose 8*l = 10*l - 52. What is the tens digit of l?
2
Let w = -52 + 163. Let s be 4/(-14) + w/21. Let n = s + 3. What is the units digit of n?
8
Let i be (-13 + 3 + -7)/1. Let b = i + 18. What is the units digit of b?
1
Suppose 0 = -4*u + 7 + 5. Let q(c) = 5*c - 3. What is the units digit of q(u)?
2
Let w be 10/25 - (-16)/10. Suppose 0 = -w*m + d + 11, m + 18 = -5*d - 4. What is the units digit of m?
3
Let i be 3 - 5 - (1 - 1). What is the tens digit of (138/12)/((-1)/i)?
2
Suppose 21*n = 14*n + 273. What is the tens digit of n?
3
Suppose -3*y - 117 = -3*b, -5*y = b + b - 106. What is the units digit of b?
3
Suppose -5*i + 3 = -4*i, 4*i + 120 = 4*o. What is the units digit of o?
3
Let v = 3 + 0. Let i(j) = -j**2 + 3*j + 3. What is the units digit of i(v)?
3
What is the tens digit of (-500)/(-12) + (-1)/(-3)?
4
Let v = -1 + 8. What is the units digit of v?
7
Let u be (5/(10/8))/1. Suppose -5*w - 6 = a - 2*a, 2*a + u*w = -2. What is the units digit of a?
1
Suppose -5*l + 11 + 4 = 0. Suppose l*p + f + 30 - 89 = 0, 0 = 2*f + 2. What is the units digit of p?
0
Let u(w) be the second derivative of w**5/20 + 7*w**4/12 + 2*w**3/3 + 2*w**2 - 3*w. What is the units digit of u(-6)?
6
Let j(u) = u**2 - 1. Let s be j(-1). Suppose s = 2*h - 0 - 16. What is the units digit of h?
8
Let u = 60 - 38. Suppose l + l = u. What is the units digit of l?
1
Suppose -3*z - 203 = 145. Let n = -206 - z. What is the tens digit of 6/(-2) + n/(-6)?
1
Let c = 9 - -3. What is the units digit of 6/c - (-17)/2?
9
Let i be 7*(-3 - -2) - -2. What is the units digit of (-14)/(-2) - (-2 - i)?
4
Let h(c) = c**3 - 9*c**2 + 8*c + 3. Let t(p) = -p**3 + 6*p**2 + 8. Let s be t(6). What is the units digit of h(s)?
3
Suppose -2*b + 5*p + 0 = -25, -p + 16 = b. What is the units digit of (-2 + 22/6)*b?
5
Let i = 0 + 39. What is the tens digit of i?
3
Let p = 442 + -192. What is the hundreds digit of p?
2
Let m(i) = i**3 + 16*i**2 + 4. Let d be m(-16). What is the tens digit of 14 - (0 - 16/d)?
1
Let w(y) = 17*y + 4. What is the units digit of w(6)?
6
Let t(m) = -5*m + 32. What is the tens digit of t(-17)?
1
Suppose 0 = b - 64 + 2. Suppose l + b = 3*l. What is the tens digit of l?
3
Suppose 2*m + 3*w - 6 = -2, 4*m - 3*w - 26 = 0. Suppose 19 = m*f - 116. Suppose n + 2*n = f. What is the units digit of n?
9
Suppose -s + 3*n + 11 = -2*s, 39 = -5*s + n. Let v = 7 + s. Let f = v + 6. What is the units digit of f?
5
Let a(d) = -d + 8. Let p be a(6). Suppose -6*y = -4*y - m - 21, -p*y + 4*m + 6 = 0. What is the units digit of y?
3
Suppose 0 = 2*i, y - 59 = -3*i + 116. What is the units digit of y?
5
Let l(q) = 10*q**2 - 3*q**2 - q**3 + 2*q - 6 + 3*q. What is the tens digit of l(7)?
2
Suppose -5*l + 2*b = 4*b - 370, 67 = l - b. What is the units digit of l?
2
Suppose 0 = 4*w + 14 - 386. What is the tens digit of w?
9
Let s(t) be the third derivative of t**4/12 + 3*t**2. What is the units digit of s(6)?
2
Suppose -3*v = 3*v - 396. What is the units digit of v?
6
Let u = -50 - -33. Let m be 0/1 + 1 + u. What is the units digit of -5*m/(-10)*-1?
8
Suppose 6*g = 3*g + 117. What is the tens digit of g?
3
Let q = 6 + -3. Suppose -s + q*s + 4*r - 14 = 0, -s + 7 = -5*r. What is the units digit of s?
7
Let p = 3 + 2. Let k = p + -3. Suppose 3*j - 8 = -4*b + 3*b, -k*b - 3*j + 19 = 0. What is the tens digit of b?
1
Let p(r) = r**3 - 6*r**2 - r + 11. Let y be p(6). Let x = -77 - -137. Suppose y*s - x = s. What is the tens digit of s?
1
Suppose 0 = -5*f - 6 + 26. Suppose -3*w = 3*v - 15, 17 = 4*w + v + 4*v. Let g = w - f. What is the units digit of g?
4
Let q(k) be the second derivative of -3*k**3/2 - 3*k**2/2 - 5*k. What is the tens digit of q(-3)?
2
Let y = 489 - 310. What is the hundreds digit of y?
1
Let o(i) = -i**3 - 6*i**2 - 2*i - 7. Let c be o(-6). Let a = -1 + c. Suppose 2*s - a*s + 2 = 0. What is the units digit of s?
1
Let q = -15 - -32. What is the tens digit of q?
1
Suppose j = -5*m - 17, 3*j - 4*m - 6 = -0*j. Suppose 0 = -2*g - 6 - 0. Let b = j - g. What is the units digit of b?
1
Let s = -5 + 13. What is the units digit of s?
8
Let w(k) = 10*k + 2. Let h be w(1). Let a = h + 5. What is the tens digit of a?
1
Suppose d - 3*d = -12. Suppose 0 = -t + d*t - 20. What is the units digit of 2 + (t - 3) + 3?
6
Let i be (50/8)/((-1)/4). Let w = i - -39. What is the units digit of w?
4
Let r be 0/(2 - (2 + 1)). Let f be 9/(-9) - (r + 1). What is the tens digit of 1 + 24/((-4)/f)?
1
Let m = -98 - -137. Let i = m + -18. Suppose 5*s - 3*c = 52, -2*s = -c - 0*c - i. What is the tens digit of s?
1
Let m(r) = 1 + r**2 - 2*r + 0*r**2 + 2*r**2 - r**2. What is the units digit of m(-3)?
5
Let h = 26 - 8. Suppose -3*b - h + 57 = 0. What is the units digit of b?
3
Suppose -3*j + 3*c - 31 = -100, -3 = c. Suppose l + j = 6*l. What is the units digit of 6/l*(3 + -1)?
3
Let o(r) = 56*r. Let a be o(-1). Let j = a + 35. What is the units digit of